{"id":2532,"date":"2021-05-20T15:27:04","date_gmt":"2021-05-20T12:27:04","guid":{"rendered":"https:\/\/www.ubhk.org.tr\/6-ubhk\/?page_id=2532"},"modified":"2021-08-19T18:15:48","modified_gmt":"2021-08-19T15:15:48","slug":"etkinlik-yurutme-kurulu","status":"publish","type":"page","link":"https:\/\/www.ubhk.org.tr\/6-ubhk\/etkinlik-yurutme-kurulu","title":{"rendered":"Etkinlik Y\u00fcr\u00fctme Kurulu"},"content":{"rendered":"<ul>\n<li>Ali YAZICI (Ba\u015fkan)<\/li>\n<li>Av. M. Nevhan AKYILDIZ<\/li>\n<li>Av. Dr. Ahmet Ha\u015fim ALAG\u00dcNEY<\/li>\n<li>Av. Dr. \u00c7i\u011fdem \u00c7\u0130\u00c7EK\u00c7\u0130 ERCAN<\/li>\n<li>Av. M. Hakan ER\u0130\u015e<\/li>\n<li>Av. Resul G\u00d6KSOY<\/li>\n<li>Av. Dr. Bar\u0131\u015f G\u00dcNAYDIN<\/li>\n<li>Av. Emine KAM\u0130LO\u011eLU<\/li>\n<li>Fikret KAVZAK<\/li>\n<li>Av. Mehmet Ali K\u00d6KSAL<\/li>\n<li>L\u00fctfi \u00d6ZB\u0130LEN<\/li>\n<li>Ceren TUN\u00c7<\/li>\n<\/ul>\n","protected":false},"excerpt":{"rendered":"<p>Ali YAZICI (Ba\u015fkan) Av. M. Nevhan AKYILDIZ Av. Dr. Ahmet Ha\u015fim ALAG\u00dcNEY Av. Dr. \u00c7i\u011fdem \u00c7\u0130\u00c7EK\u00c7\u0130 ERCAN Av. M. Hakan ER\u0130\u015e Av. Resul G\u00d6KSOY Av. Dr.<span class=\"excerpt-hellip\"> [\u2026]<\/span><\/p>\n","protected":false},"author":4,"featured_media":0,"parent":0,"menu_order":0,"comment_status":"closed","ping_status":"closed","template":"","meta":{"footnotes":""},"class_list":["post-2532","page","type-page","status-publish","hentry"],"_links":{"self":[{"href":"https:\/\/www.ubhk.org.tr\/6-ubhk\/wp-json\/wp\/v2\/pages\/2532","targetHints":{"allow":["GET"]}}],"collection":[{"href":"https:\/\/www.ubhk.org.tr\/6-ubhk\/wp-json\/wp\/v2\/pages"}],"about":[{"href":"https:\/\/www.ubhk.org.tr\/6-ubhk\/wp-json\/wp\/v2\/types\/page"}],"author":[{"embeddable":true,"href":"https:\/\/www.ubhk.org.tr\/6-ubhk\/wp-json\/wp\/v2\/users\/4"}],"replies":[{"embeddable":true,"href":"https:\/\/www.ubhk.org.tr\/6-ubhk\/wp-json\/wp\/v2\/comments?post=2532"}],"version-history":[{"count":9,"href":"https:\/\/www.ubhk.org.tr\/6-ubhk\/wp-json\/wp\/v2\/pages\/2532\/revisions"}],"predecessor-version":[{"id":2645,"href":"https:\/\/www.ubhk.org.tr\/6-ubhk\/wp-json\/wp\/v2\/pages\/2532\/revisions\/2645"}],"wp:attachment":[{"href":"https:\/\/www.ubhk.org.tr\/6-ubhk\/wp-json\/wp\/v2\/media?parent=2532"}],"curies":[{"name":"wp","href":"https:\/\/api.w.org\/{rel}","templated":true}]}}